386549 composite?
True
Is 52009883 a prime number?
True
Is 1292281 a composite number?
False
Is 46097617 prime?
False
Is 29596829 a prime number?
True
Is 149569267 composite?
False
Is 2753111 a prime number?
True
Is 25743863 prime?
False
Is 107804517 a prime number?
False
Is 31119769 composite?
False
Is 1671961 composite?
False
Is 4288147 a prime number?
True
Is 2765953 composite?
False
Is 8896178 a composite number?
True
Is 48761779 prime?
False
Is 32791417 a prime number?
True
Is 56197997 composite?
True
Is 25326281 a composite number?
True
Is 25032769 composite?
False
Is 7039877 composite?
True
Is 5615303 a prime number?
True
Is 192479773 prime?
False
Is 2056841 a prime number?
True
Is 14030837 a prime number?
True
Is 7109171 a prime number?
True
Is 11871007 composite?
False
Is 78109 composite?
True
Is 42331963 prime?
True
Is 43513843 a composite number?
True
Is 543463 prime?
True
Is 780485163 composite?
True
Is 31560429 a prime number?
False
Is 952423 a prime number?
True
Is 232517006 a composite number?
True
Is 505604945 prime?
False
Is 11422162 a composite number?
True
Is 2464297 prime?
False
Is 42147101 prime?
True
Is 256367351 composite?
True
Is 8295019 prime?
False
Is 345041 a prime number?
True
Is 8501 composite?
False
Is 1876451 a composite number?
False
Is 21547073 a prime number?
True
Is 1817383 prime?
True
Is 7505789 a composite number?
True
Is 10932073 composite?
False
Is 5476901 a composite number?
False
Is 88417237 composite?
False
Is 250413 a prime number?
False
Is 169226227 prime?
False
Is 198377203 prime?
True
Is 611531 composite?
False
Is 23670499 prime?
True
Is 4598189 a composite number?
False
Is 590771 a prime number?
True
Is 152926907 a composite number?
True
Is 423386021 a prime number?
True
Is 40795207 composite?
False
Is 79791449 prime?
False
Is 94858613 prime?
False
Is 10230809 composite?
False
Is 1370311 prime?
True
Is 3825131 a composite number?
True
Is 35915249 prime?
True
Is 2123771 composite?
True
Is 2570651 a composite number?
False
Is 117685609 a prime number?
False
Is 21148453 a prime number?
False
Is 2817439 prime?
False
Is 670097 composite?
False
Is 74642161 a composite number?
True
Is 226441597 a prime number?
True
Is 130334029 a composite number?
True
Is 2690911 a prime number?
True
Is 1917847 a composite number?
False
Is 106116047 a prime number?
True
Is 17785813 a prime number?
True
Is 14458813 a prime number?
True
Is 30242713 prime?
True
Is 154401509 prime?
True
Is 4292165 composite?
True
Is 934468655 composite?
True
Is 710009 a composite number?
False
Is 27911011 a prime number?
True
Is 209891585 composite?
True
Is 11433143 a prime number?
True
Is 12249821 a composite number?
False
Is 146316607 composite?
False
Is 1133501 a prime number?
True
Is 717191 a composite number?
False
Is 50360159 a composite number?
False
Is 2862151 prime?
False
Is 771883123 a composite number?
True
Is 324733 a composite number?
False
Is 36341 a composite number?
False
Is 531197837 composite?
True
Is 8917463 a prime number?
True
Is 23757 prime?
False
Is 104672543 composite?
False
Is 954509057 a composite number?
False
Is 484391 composite?
True
Is 53011 a composite number?
True
Is 5005609 composite?
True
Is 213991103 a prime number?
False
Is 11697337 composite?
True
Is 65451883 a prime number?
False
Is 255335081 composite?
True
Is 62552914 a composite number?
True
Is 716007427 a prime number?
True
Is 22976131 composite?
False
Is 128114879 a prime number?
True
Is 4749377 composite?
False
Is 45638849 a prime number?
False
Is 6805 a prime number?
False
Is 58383781 a composite number?
True
Is 9437343 composite?
True
Is 324858973 prime?
True
Is 1550947 composite?
False
Is 3525117 a prime number?
False
Is 1933301 a prime number?
True
Is 9213437 composite?
False
Is 6879479 a prime number?
False
Is 20507563 a prime number?
True
Is 32832859 prime?
True
Is 49899805 a composite number?
True
Is 13653979 composite?
False
Is 593833 a composite number?
True
Is 49534229 composite?
False
Is 31248361 prime?
True
Is 216493 composite?
False
Is 766993 a composite number?
True
Is 245526571 a prime number?
True
Is 15518423 prime?
True
Is 79438493 a composite number?
True
Is 50996461 composite?
False
Is 24276493 a composite number?
True
Is 8645699 composite?
True
Is 155504149 a prime number?
True
Is 29342551 a composite number?
True
Is 23773229 composite?
False
Is 9886937 composite?
False
Is 2473435 a prime number?
False
Is 2244061 a prime number?
False
Is 10171387 a prime number?
False
Is 1257437 composite?
False
Is 96348331 a composite number?
False
Is 129943913 a composite number?
True
Is 19329883 composite?
True
Is 319855397 a composite number?
False
Is 1226531 composite?
False
Is 17545469 a prime number?
True
Is 312187 a prime number?
False
Is 377963 a composite number?
False
Is 4529851 a composite number?
False
Is 11825767 composite?
False
Is 10062953 composite?
False
Is 5791411 a composite number?
True
Is 37159363 prime?
True
Is 120361135 a prime number?
False
Is 92446157 composite?
False
Is 14629457 a prime number?
False
Is 767974 composite?
True
Is 44557419 a prime number?
False
Is 2111260953 a composite number?
True
Is 17797883 a composite number?
True
Is 33653713 a prime number?
False
Is 27923507 composite?
False
Is 322349045 a composite number?
True
Is 511500397 composite?
True
Is 89037217 prime?
False
Is 425189 a prime number?
True
Is 166682049 prime?
False
Is 1365347 prime?
True
Is 40529117 composite?
True
Is 6473009 a composite number?
False
Is 73719941 a prime number?
True
Is 219907619 composite?
True
Is 38521489 prime?
False
Is 18535607 composite?
False
Is 3490657 a composite number?
True
Is 189700493 a composite number?
True
Is 100423223 a prime number?
True
Is 10398587 composite?
False
Is 651767 a prime number?
True
Is 193561 a prime number?
False
Is 2122763 composite?
True
Is 55646537 a prime number?
True
Is 12778093 prime?
True
Is 121405 prime?
False
Is 195087895 prime?
False
Is 6630383 a prime number?
False
Is 179578829 a prime number?
True
Is 116515627 a composite number?
True
Is 5181431 a prime number?
True
Is 67942363 composite?
False
Is 214474769 a prime number?
True
Is 245727267 composite?
True
Is 111853997 composite?
True
Is 40473865 a prime number?
False
Is 184563097 a composite number?
False
Is 336539431 prime?
True
Is 1304777 a prime number?
False
Is 346159 composite?
True
Is 5564662 composite?
True
Is 111798619 a composite number?
False
Is 126167 prime?
False
Is 10562371 prime?
True
Is 20282117 prime?
False
Is 79811903 prime?
True
Is 46393721 a composite number?
True
Is 37848023 a composite number?
False
Is 9815719 composite?
False
Is 243018539 a prime number?
True
Is 125941483 a prime number?
False
Is 1087899 a prime number?
False
Is 664802431 a composite number?
True
Is 167457533 a composite number?
True
Is 698722846 a prime number?
False
Is 163038647 composite?
True
Is 174441 a composite number?
True
Is 20230373 a prime number?
True
Is 58597139 a composite number?
True
Is 140831593 a composite number?
True
Is 52474115 prime?
False
Is 40833601 prime?
True
Is 23283721 a prime number?
False
Is 935761 a prime number?
True
Is 1876349 composite?
True
Is 32915803 composite?
False
Is 694105 prime?
False
Is 3610469 composite?
False
Is 25577749 a prime number?
True
Is 2854760717 a prime number?
False
Is 4647099 prime?
False
Is 115492519 prime?
False
Is 95457779 composite?
False
Is 44620967 prime?
False
Is 693659 a prime number?
True
Is 7543411 prime?
False
Is 754391 prime?
False
Is 25760843 prime?
False
Is 21044671 a composite number?
True
Is 1367303 prime?
False
Is 672481 prime?
False
Is 228161489 a prime number?
False
Is 30370213 a composite number?
False
Is 57806603 a prime number?
True
Is 17081149 a composite number?
True
Is 333577039 a composite number?
False
Is 3025751 a prime number?
False
Is 5236769 prime?
False
Is 420448921 a composite number?
False
Is 173126141 prime?
True
Is 4657141 prime?
True
Is 1749817 a composite number?
True
Is 20938399 a prime number?
False
Is 9465587 prime?
True
Is 70251899 prime?
False
Is 10004831 a prime number?
True
Is 21081941 a composite number?
False
Is 2869829 a prime number?
False
Is 10443733 a prime number?
True
Is 65347367 a prime number?
True
Is 822625693 a composite numbe